vided by 19?
18
Let i = -53 - -55. Suppose -h + 27 = i*q - 25, 0 = h - 3*q - 72. What is the remainder when h is divided by 21?
18
What is the remainder when 23 is divided by 15/5 - (5 - 9)?
2
Let r(u) = -1 - 21*u**3 + 27*u**3 - 12*u**3 - 9*u**2 - 16*u + 6. Calculate the remainder when r(-4) is divided by 62.
61
Let d be (-104)/(-65) - (-4)/10. Suppose d*s = 2*x - 128, -2*s + 149 = 2*x + 5. Calculate the remainder when x is divided by 14.
12
Let p = -289 - -548. Calculate the remainder when p is divided by 88.
83
Suppose 2*i + 4 = 0, -2*j - 126 = -4*j - i. What is the remainder when j is divided by 13?
12
Let x(d) = d**3 - d + 31. Let w be x(0). Suppose 29*s - w*s = -50. Calculate the remainder when 97 is divided by s.
22
Let o(q) = -q**2 - 6*q + 6. Let h be o(-6). Suppose h*z - 4*z + 20 = 0. Let r = -8 - z. What is the remainder when 4 is divided by r?
0
Let t(z) = -2*z - 13. Let c = 0 - -2. What is the remainder when (c/(-4))/((-2)/60) is divided by t(-11)?
6
Suppose -6 = -3*s + 2*s + 3*i, 5*s + 5*i + 10 = 0. Let z(l) = -4*l**2 + l + 19. What is the remainder when z(s) is divided by 7?
5
Suppose a = -5*u - 46, -5*a + 0 = -u - 4. Let f = 10 + u. Suppose i = f + 18. Calculate the remainder when i is divided by 5.
4
Let q(u) = u**2 + 2*u + 3. Let h be q(-1). Calculate the remainder when 16 is divided by (-13)/(4/(-8)*h).
3
Let n(u) = -u + 6. Let v be n(-2). Let r(d) = 5*d**3 - 2*d**2 + 4*d - 4. Let p be r(3). Calculate the remainder when p/(-10)*v/(-10) is divided by 6.
4
Suppose -5*m = 4*r + 1, -5*r - 17 = -3*m + 12. Suppose -m*q + 90 + 40 = -v, -3*q + 4*v = -115. Calculate the remainder when q is divided by 13.
6
Let t be 0 + 6 + 3/(-3). Suppose t*s = 3*s. Suppose y + i - 22 = s, 3*i - 2*i + 14 = y. Calculate the remainder when y is divided by 10.
8
Let l = 3424 + -3400. Suppose -2*o + 5 + 1 = 0. Calculate the remainder when l is divided by o.
0
Let f(i) = -2*i**2 + 23*i - 27. Calculate the remainder when f(8) is divided by 2 - (1*-2 - 14).
11
Let d(s) = 2*s**2 - 26*s - 4. What is the remainder when 452 is divided by d(16)?
84
Let y(x) = -x**3 - 44*x**2 - 312*x + 120. Let s = 189 - 75. What is the remainder when s is divided by y(-35)?
9
Suppose 2*y + 10 = 8. Calculate the remainder when (30/18)/(y/(-57)) is divided by (-2)/7 + 510/21.
23
Suppose -7 = -4*m + 37. Let l(y) = y - 93. Let f be l(28). Let g = f - -83. What is the remainder when g is divided by m?
7
Suppose 5*i = -r + 307, r - i + 3*i - 304 = 0. Calculate the remainder when 99 is divided by 2/9 - r/(-18).
14
Calculate the remainder when (-1962)/(-4)*(-8)/(-36) is divided by 16.
13
Suppose 0 = -c - a + 13, 0*a = 4*c - 5*a - 61. Let h = c + -9. Let y = -28 - -39. What is the remainder when y is divided by h?
1
Suppose 77 = 6*q - 43. Let r = -106 - -496. Suppose k - 6*k + r = 0. What is the remainder when k is divided by q?
18
Let k(s) = -3*s + 7*s + 3 + 1 + 2*s**2 - 1. Let j be k(-3). Suppose f = 3 + j. What is the remainder when 21 is divided by f?
9
Let f = 136 - 85. Let u = 86 - f. What is the remainder when u is divided by 18?
17
Suppose -3*b - 13161 = 3*w, -w = 3*b - 156 + 4539. What is the remainder when w/(-147) - 1/(-7) is divided by 19?
11
Suppose -12*v + 329 = 38*v + 29. Calculate the remainder when (-47)/(-2) + (-1)/2 is divided by v.
5
Let d(u) = 53*u + 143. What is the remainder when 101 is divided by d(-2)?
27
Let o(p) = 3*p + 16. What is the remainder when o(6) is divided by 5?
4
Let o(w) = -2*w - 2. What is the remainder when (-4)/10 - (-1944)/60 is divided by o(-6)?
2
Let c = -206 - -270. Calculate the remainder when 184 is divided by c.
56
Suppose 2*t + 3*a + 1 + 13 = 0, 1 = 3*t - a. What is the remainder when (28/1 - t) + -3 - 1 is divided by 8?
1
Let m = -9 - -13. Suppose -2*i = -8 - m. Let v = 1135 - 1116. Calculate the remainder when v is divided by i.
1
What is the remainder when 255 is divided by (20 - 1089/55)/(1/590)?
19
Let m(j) = -84*j - 2. Let z be m(-4). Suppose 0 = b - 3*o - 108, 4*b + 3*o - z - 38 = 0. Let d = b - 55. What is the remainder when d is divided by 14?
13
Let m = -69 + 75. Calculate the remainder when 17 is divided by (m/9)/((-8)/(-120)).
7
Let k = 900 + -853. What is the remainder when 375 is divided by k?
46
Let n = 80 + -206. Calculate the remainder when 26 is divided by (n/15)/3*-5.
12
Let o = 92 + -166. Let h = o + 92. What is the remainder when 50 is divided by h?
14
Suppose 0 = 2*y - 2*a - 86, -116*y - 2*a = -111*y - 201. Calculate the remainder when y is divided by 24.
17
Let z = 65 - 40. Let j = 1 + 13. Calculate the remainder when z is divided by j.
11
Suppose 3718*n - 1152 = 3526*n. What is the remainder when (-94)/(-4) - (-1)/(-2) is divided by n?
5
Let t(v) = -8*v - 5. Let a(r) be the first derivative of r**2 - 17*r - 5. Let n be a(5). What is the remainder when t(n) is divided by 18?
15
Suppose 0 = -y - 0*y + 24. Let a(b) be the third derivative of -b**4/24 + 3*b**3 - 45*b**2. Calculate the remainder when y is divided by a(5).
11
What is the remainder when 265 is divided by (882/27 - (-4)/3)/1?
27
Suppose 3*a - 92 = 31. Calculate the remainder when a is divided by 16.
9
Let i = -12 + 15. Let t(z) = -2*z - i + 3*z + 23. What is the remainder when 37 is divided by t(-10)?
7
Let r be -6*(28/(-8) - -1). Let b = 17 - r. Let t = 30 + b. What is the remainder when t is divided by 18?
14
Let t be (-2)/6 - (-2002)/(-42). Let k = 68 + t. Suppose k = u + u. What is the remainder when 18 is divided by u?
8
Suppose -5*k + 5*s + 80 = -310, 2*k - 4*s = 154. Calculate the remainder when k is divided by -9 + -5*(-44)/11 + -1.
9
Let f(k) = -6*k**2 - 4*k. Let x(t) = -5*t**2 - 3*t + 1. Let b(o) = 3*f(o) - 4*x(o). What is the remainder when b(2) is divided by 2?
0
Suppose -4*k + 125 - 17 = 0. Suppose -27*t = -31*t - 8. Calculate the remainder when k is divided by (-3)/(1 + t)*2.
3
Let l(m) = -13*m + 4. Suppose 0 = -v + 3. Let j be l(v). Let q = 34 - j. What is the remainder when q is divided by 14?
13
Suppose -248 = -7*s + 3*s + 2*d, -5*s = 4*d - 284. Let t be (-187)/5 - (-2)/5. Let k = 68 + t. Calculate the remainder when s is divided by k.
29
Suppose -901 = -19*d - 825. Calculate the remainder when d is divided by (-10)/(-6) + 2/6.
0
Let g(q) = 16*q - 215. What is the remainder when 709 is divided by g(19)?
86
Suppose -30 = k - 4*k. Suppose 0 = -5*i - k, -b - b = -i - 22. Suppose -30*d + 27*d = -9. What is the remainder when b is divided by d?
1
Let x = 355 + -305. Calculate the remainder when 194 is divided by x.
44
Let g(b) = 7*b - b - 1 - 4*b. Suppose 2*o + 32 = 3*o. Calculate the remainder when o is divided by g(9).
15
What is the remainder when 45 is divided by -5 + 288/63 + 45/7?
3
Let z = -126 + 186. Let w = -51 + z. What is the remainder when 35 is divided by w?
8
Let d = -9 - -57. Let a = d - 1. Calculate the remainder when a is divided by 16.
15
Let i = 53 - 4. Let f = -18 + i. Let j = 1 - -59. What is the remainder when j is divided by f?
29
Suppose 0 = 5*h + 20, 4*j - 3*h - 8 - 44 = 0. Calculate the remainder when 124 is divided by j.
4
Let o = -187 - -107. Let w = -54 - o. Let i = 50 + -36. Calculate the remainder when w is divided by i.
12
Let c(h) = -2*h + 3. Let i(t) = -4*t + 7. Let q(d) = -7*c(d) + 4*i(d). What is the remainder when q(-4) is divided by 9?
6
Suppose 2040 = -12*c + 16*c. Calculate the remainder when c/9 - (-8)/24 is divided by 30.
27
Let h(o) = o**3 - 11*o**2 - 11*o - 7. Let x be h(12). Suppose -4*i = -2*i + 3*g - 31, -5*i + 40 = -x*g. What is the remainder when 43 is divided by i?
10
Let z = 0 + 2. Suppose -2*k - 3*q = -16 - 14, 0 = -3*k + q + 45. What is the remainder when (z - (-70 + 1)) + 2 is divided by k?
13
Let v = -227 - -290. Let z(k) = -2*k + 13. What is the remainder when v is divided by z(-10)?
30
Suppose 2*i + v + 4 = 9, 0 = 5*i + 5*v - 10. Suppose 8*j + 226 = 4*w + i*j, -4*w - 5*j = -246. What is the remainder when w is divided by 2/8 - (-158)/8?
19
Let l be (1 + 75/2)*16/8. Let h be (-6)/(-3*6/99). Suppose -h - l = -5*n. Calculate the remainder when 42 is divided by n.
20
Let m(a) = -a + 4. Let i(h) = 2*h + 0 + 0 - 5 - 1. Let u(q) = 5*i(q) + 7*m(q). Calculate the remainder when 49 is divided by u(5).
10
Calculate the remainder when (-1453)/(-15) - (-36)/270 is divided by 21.
13
Let l(u) = -14*u